{"id":2,"date":"2014-07-01T22:18:34","date_gmt":"2014-07-01T22:18:34","guid":{"rendered":"http:\/\/213.141.90.148\/wordpress\/?page_id=2"},"modified":"2025-06-10T23:05:19","modified_gmt":"2025-06-10T21:05:19","slug":"sample-page","status":"publish","type":"page","link":"https:\/\/concordiagefle.se\/","title":{"rendered":"V\u00e4lkommen!"},"content":{"rendered":"<h2>Concordia i Gefle \u00e4r en bostadsr\u00e4ttsf\u00f6rening som ligger p\u00e5 h\u00f6rnet vid S\u00f6dra Fiskargatan 3 och \u00d6stra Islandsgatan 25 p\u00e5 h\u00e4rliga S\u00f6dra Bryn\u00e4s. N\u00e4ra till centrum, t\u00e5gkommunikation och havet! Huset \u00e4r byggt 1903 med 28 fina sekelskiftesl\u00e4genheter och tv\u00e5 hyreslokaler. Tillh\u00f6rande huset finns \u00e4ven en parkeringsyta tv\u00e4rs \u00f6ver \u00d6stra Islandsgatan med 17 parkeringsplatser som i f\u00f6rsta hand \u00e4r till f\u00f6r dom boende i huset.<\/h2>\n<h2>H\u00e4r p\u00e5 hemsidan kan ni h\u00e4mta hem allt fr\u00e5n v\u00e5ra stadgar till \u00f6vriga dokument. Har ni andra funderingar kring f\u00f6reningen som ni inte kan hitta p\u00e5 v\u00e5r hemsida, kontakta n\u00e5gon fr\u00e5n styrelsen s\u00e5 hj\u00e4lper vi er g\u00e4rna.<\/h2>\n<h2>&nbsp;<\/h2>\n<p>&nbsp;<\/p>\n<h3>&nbsp;<\/h3>\n","protected":false},"excerpt":{"rendered":"<p>Concordia i Gefle \u00e4r en bostadsr\u00e4ttsf\u00f6rening som ligger p\u00e5 h\u00f6rnet vid S\u00f6dra Fiskargatan 3 och \u00d6stra Islandsgatan 25 p\u00e5 h\u00e4rliga S\u00f6dra Bryn\u00e4s. N\u00e4ra till centrum, t\u00e5gkommunikation och havet! Huset \u00e4r byggt 1903 med 28 fina sekelskiftesl\u00e4genheter och tv\u00e5 hyreslokaler. Tillh\u00f6rande huset finns \u00e4ven en parkeringsyta tv\u00e4rs \u00f6ver \u00d6stra Islandsgatan med&#8230;<\/p>\n","protected":false},"author":1,"featured_media":0,"parent":0,"menu_order":0,"comment_status":"open","ping_status":"open","template":"","meta":{"ngg_post_thumbnail":0,"footnotes":""},"class_list":["post-2","page","type-page","status-publish","hentry"],"jetpack_shortlink":"https:\/\/wp.me\/P4U8Nu-2","jetpack_sharing_enabled":true,"_links":{"self":[{"href":"https:\/\/concordiagefle.se\/index.php?rest_route=\/wp\/v2\/pages\/2","targetHints":{"allow":["GET"]}}],"collection":[{"href":"https:\/\/concordiagefle.se\/index.php?rest_route=\/wp\/v2\/pages"}],"about":[{"href":"https:\/\/concordiagefle.se\/index.php?rest_route=\/wp\/v2\/types\/page"}],"author":[{"embeddable":true,"href":"https:\/\/concordiagefle.se\/index.php?rest_route=\/wp\/v2\/users\/1"}],"replies":[{"embeddable":true,"href":"https:\/\/concordiagefle.se\/index.php?rest_route=%2Fwp%2Fv2%2Fcomments&post=2"}],"version-history":[{"count":17,"href":"https:\/\/concordiagefle.se\/index.php?rest_route=\/wp\/v2\/pages\/2\/revisions"}],"predecessor-version":[{"id":458,"href":"https:\/\/concordiagefle.se\/index.php?rest_route=\/wp\/v2\/pages\/2\/revisions\/458"}],"wp:attachment":[{"href":"https:\/\/concordiagefle.se\/index.php?rest_route=%2Fwp%2Fv2%2Fmedia&parent=2"}],"curies":[{"name":"wp","href":"https:\/\/api.w.org\/{rel}","templated":true}]}}